13 a prime number?
True
Is 344892641 composite?
False
Is 494548811 a composite number?
False
Is 7355536213 prime?
True
Is 245260781 prime?
True
Is 964776269 a composite number?
False
Is 3620406767 a composite number?
True
Is 280530025865 prime?
False
Is 24639085577 a composite number?
False
Is 869883037 composite?
True
Is 24394045393 a composite number?
True
Is 5904324694 composite?
True
Is 2782333933 prime?
True
Is 301686023 prime?
True
Is 444439771 prime?
True
Is 7452172151 a composite number?
True
Is 34722797 composite?
False
Is 854043159 a composite number?
True
Is 41598852511 a composite number?
False
Is 52151510577 prime?
False
Is 488511701 composite?
False
Is 147429277 prime?
True
Is 10471494961 prime?
False
Is 10910416471 a composite number?
False
Is 87207403 a composite number?
False
Is 33089827 a composite number?
False
Is 2814590221 prime?
False
Is 101904192847 prime?
True
Is 6897990215 a prime number?
False
Is 13039195397 composite?
True
Is 337015391 composite?
True
Is 16429111 a prime number?
True
Is 6619220999 a prime number?
True
Is 634491811 prime?
False
Is 60839188877 composite?
True
Is 23422456217 prime?
True
Is 7231727962 a composite number?
True
Is 100115231 a composite number?
False
Is 222215309 composite?
False
Is 768345343 a composite number?
True
Is 15203538421 composite?
True
Is 60468213233 a prime number?
False
Is 800828969 prime?
True
Is 3559089577 prime?
True
Is 5036335651 a prime number?
True
Is 1253218047 a composite number?
True
Is 803033999 a composite number?
False
Is 4881094685 a composite number?
True
Is 11523855601 a composite number?
True
Is 7371285769 a prime number?
True
Is 713917019 composite?
True
Is 630620299 a composite number?
True
Is 3570394645 a prime number?
False
Is 23958430187 composite?
False
Is 1479694991 a composite number?
True
Is 129214262257 composite?
False
Is 4360188491 composite?
True
Is 1174409713 a composite number?
False
Is 3598277087 prime?
False
Is 3159152149 a composite number?
True
Is 177626349119 a composite number?
False
Is 51556811793 prime?
False
Is 27024240953 composite?
False
Is 1406485987 composite?
False
Is 137961716723 a composite number?
True
Is 4354139843 a composite number?
True
Is 4250670971 prime?
True
Is 11312963339 composite?
True
Is 18204723019 a prime number?
False
Is 1132705991 a composite number?
False
Is 5050807523 a composite number?
True
Is 24062123843 composite?
True
Is 105689803 a prime number?
True
Is 5897563097 a prime number?
False
Is 32513102521 prime?
False
Is 186080779 a prime number?
True
Is 79085249 a composite number?
False
Is 30437542859 prime?
True
Is 5500257151 composite?
True
Is 121148495059 composite?
True
Is 5662296187 a composite number?
False
Is 1348256231 a composite number?
True
Is 1285976231 a composite number?
False
Is 9052605227 a prime number?
True
Is 15394572601 prime?
False
Is 9069577441 a composite number?
False
Is 214014382 prime?
False
Is 65575577659 prime?
True
Is 188400463 composite?
False
Is 102093247 prime?
True
Is 5089107767 a composite number?
False
Is 57172169 composite?
False
Is 122976224291 composite?
False
Is 154274987 prime?
True
Is 1171898527 a composite number?
False
Is 130079109503 a composite number?
True
Is 913650211 a prime number?
False
Is 1227592741 a composite number?
False
Is 1164597179 composite?
False
Is 5232405119 prime?
False
Is 4644791387 a composite number?
True
Is 41314553659 a composite number?
False
Is 3909658003 a composite number?
False
Is 1470873877 a prime number?
False
Is 49042891 a composite number?
False
Is 75934038311 composite?
False
Is 2231156197 a prime number?
True
Is 645184223 a composite number?
True
Is 115887300523 a prime number?
True
Is 4309159693 a composite number?
False
Is 560448743 prime?
False
Is 42469079869 composite?
False
Is 6755998363 a prime number?
False
Is 5727363605 a prime number?
False
Is 1449416977 prime?
True
Is 1042737853 a composite number?
False
Is 13915982059 a prime number?
False
Is 4442184818 composite?
True
Is 18307403689 composite?
False
Is 9220229223 composite?
True
Is 357239149 composite?
True
Is 6331694218 a composite number?
True
Is 14639302501 a composite number?
False
Is 8449874317 prime?
True
Is 24291267931 prime?
False
Is 861760147 composite?
True
Is 952872091 prime?
True
Is 14861291129 composite?
True
Is 1341299501 prime?
False
Is 3183449041 a composite number?
False
Is 5679336407 composite?
False
Is 47794849871 a composite number?
True
Is 1205525317 prime?
False
Is 19939915877 composite?
True
Is 13662435715 composite?
True
Is 30367658819 prime?
True
Is 13164708677 a prime number?
False
Is 412641613 a prime number?
False
Is 329489202101 composite?
False
Is 43157407349 a composite number?
True
Is 330113177 prime?
False
Is 2636570263 prime?
False
Is 17143985965 a composite number?
True
Is 69699157499 a composite number?
True
Is 5789867689 a composite number?
True
Is 60420504181 prime?
True
Is 23439217573 a prime number?
False
Is 6188367517 prime?
True
Is 908211449 prime?
False
Is 989006861 composite?
False
Is 48917681593 composite?
True
Is 590864297 a prime number?
True
Is 1331557811 a composite number?
False
Is 235598106253 composite?
True
Is 3201188099 composite?
True
Is 2978700397 a composite number?
True
Is 18274583149 composite?
True
Is 1329991043 a prime number?
False
Is 3301048169 prime?
True
Is 981991537 a composite number?
True
Is 8022671933 composite?
True
Is 10459475483 a composite number?
False
Is 214924967 a prime number?
True
Is 81148644037 a prime number?
True
Is 18788580529 a composite number?
False
Is 2886515867 prime?
False
Is 962916949 prime?
True
Is 307851611 composite?
True
Is 21904187837 prime?
False
Is 124353241603 prime?
False
Is 7044998591 prime?
False
Is 95810765059 a composite number?
False
Is 191607675739 prime?
False
Is 1093659739 a prime number?
False
Is 839555111 a composite number?
False
Is 1616725987 composite?
False
Is 6220547309 prime?
False
Is 2205060213 a composite number?
True
Is 602185643 a prime number?
True
Is 3179428393 prime?
False
Is 2276725247 composite?
True
Is 22969992053 prime?
True
Is 25487143103 a composite number?
False
Is 23273465821 a composite number?
False
Is 24204031081 a composite number?
False
Is 69961348297 a composite number?
True
Is 13691437 composite?
True
Is 24325253681 composite?
False
Is 17123172023 composite?
True
Is 1908252253 a composite number?
True
Is 233156185 prime?
False
Is 1054706203 composite?
True
Is 704689163 prime?
True
Is 35712848209 a composite number?
True
Is 14209655339 a prime number?
False
Is 6512129953 a composite number?
True
Is 99689640307 composite?
True
Is 149254395859 a composite number?
True
Is 55858488247 prime?
True
Is 72116392549 a composite number?
False
Is 491499713 prime?
True
Is 22365721 composite?
True
Is 6263311319 a prime number?
True
Is 487231223 composite?
False
Is 127393654783 a composite number?
True
Is 191284066 a prime number?
False
Is 5684192849 a composite number?
False
Is 71014334743 prime?
False
Is 7852905334 a composite number?
True
Is 1810227379 composite?
False
Is 110407939 a prime number?
False
Is 407397401 composite?
True
Is 41914049 a composite number?
False
Is 5939112167 prime?
True
Is 17896383457 a prime number?
True
Is 726278051 a prime number?
True
Is 975709607 composite?
True
Is 9178541689 prime?
False
Is 343910261 a prime number?
True
Is 552972061 a prime number?
False
Is 81806759 composite?
True
Is 1678921031 a composite number?
False
Is 6745135627 composite?
False
Is 5452261657 a composite number?
True
Is 7136710909 prime?
False
Is 480992507 a composite number?
False
Is 44099903 prime?
True
Is 10035052087 composite?
True
Is 50281094989 prime?
False
Is 855361253 a prime number?
True
Is 7005904591 composite?
True
Is 1438126687 a composite number?
False
Is 663133081 a prime number?
False
Is 72605329673 a prime number?
False
Is 1030617941 a composite number?
False
Is 703281499 a prime number?
True
Is 1721327651 prime?
False
Is 14992587001 a composite number?
True
Is 2055369759 composite?
True
Is 3262706309 a prime number?
True
Is 2097124891 a prime number?
False
Is 809960933 prime?
False
Is 2588107111 prime?
False
Is 1344876257 a prime number?
True
Is 6182835149 prime?
False
Is 26560644269 composite?
True
Is 151937898691 prime